{"id":53,"date":"2020-02-28T11:56:56","date_gmt":"2020-02-28T11:56:56","guid":{"rendered":"http:\/\/bergasthofkogl.de\/?page_id=53"},"modified":"2020-06-10T15:06:35","modified_gmt":"2020-06-10T15:06:35","slug":"anreise","status":"publish","type":"page","link":"https:\/\/berggasthofkogl.de\/?page_id=53","title":{"rendered":"Anreise"},"content":{"rendered":"\n<p>Inntalautobahn A93 Richtung Kufstein &#8211; Ausfahrt Brannenburg &#8211; Richtung Brannenburg &#8211; Geradeaus bis Kreuzung M\u00fchlenstra\u00dfe &#8211; rechts abbiegen &#8211; Beschilderung bis Berggasthof Kogl folgen.<\/p>\n\n\n\n<p><a aria-label=\"Anreise mit Routenplaner (\u00f6ffnet in neuem Tab)\" rel=\"noreferrer noopener\" href=\"https:\/\/www.google.de\/maps\/place\/Sulzbergstra\u00dfe+20,+83098+Brannenburg\/@47.7401614,12.0688031,14.84z\/data=!4m5!3m4!1s0x4776228c52249341:0xa384658dfbe815d0!8m2!3d47.7443317!4d12.0773988?hl=de\" target=\"_blank\">In Google Maps \u00f6ffnen<\/a><\/p>\n","protected":false},"excerpt":{"rendered":"<p>Inntalautobahn A93 Richtung Kufstein &#8211; Ausfahrt Brannenburg &#8211; Richtung Brannenburg &#8211; Geradeaus bis Kreuzung M\u00fchlenstra\u00dfe &#8211; rechts abbiegen &#8211; Beschilderung bis Berggasthof Kogl folgen. In Google Maps \u00f6ffnen<\/p>\n","protected":false},"author":1,"featured_media":0,"parent":0,"menu_order":0,"comment_status":"closed","ping_status":"closed","template":"","meta":{"footnotes":""},"class_list":["post-53","page","type-page","status-publish","hentry"],"_links":{"self":[{"href":"https:\/\/berggasthofkogl.de\/index.php?rest_route=\/wp\/v2\/pages\/53","targetHints":{"allow":["GET"]}}],"collection":[{"href":"https:\/\/berggasthofkogl.de\/index.php?rest_route=\/wp\/v2\/pages"}],"about":[{"href":"https:\/\/berggasthofkogl.de\/index.php?rest_route=\/wp\/v2\/types\/page"}],"author":[{"embeddable":true,"href":"https:\/\/berggasthofkogl.de\/index.php?rest_route=\/wp\/v2\/users\/1"}],"replies":[{"embeddable":true,"href":"https:\/\/berggasthofkogl.de\/index.php?rest_route=%2Fwp%2Fv2%2Fcomments&post=53"}],"version-history":[{"count":4,"href":"https:\/\/berggasthofkogl.de\/index.php?rest_route=\/wp\/v2\/pages\/53\/revisions"}],"predecessor-version":[{"id":124,"href":"https:\/\/berggasthofkogl.de\/index.php?rest_route=\/wp\/v2\/pages\/53\/revisions\/124"}],"wp:attachment":[{"href":"https:\/\/berggasthofkogl.de\/index.php?rest_route=%2Fwp%2Fv2%2Fmedia&parent=53"}],"curies":[{"name":"wp","href":"https:\/\/api.w.org\/{rel}","templated":true}]}}