{"id":148,"date":"2026-05-13T11:52:38","date_gmt":"2026-05-13T11:52:38","guid":{"rendered":"http:\/\/bergasthofkogl.de\/?page_id=148"},"modified":"2026-05-13T11:54:08","modified_gmt":"2026-05-13T11:54:08","slug":"aktuelles","status":"publish","type":"page","link":"https:\/\/berggasthofkogl.de\/?page_id=148","title":{"rendered":"Aktuelles"},"content":{"rendered":"\n<pre class=\"wp-block-verse has-text-align-center has-medium-font-size\"><strong>Juni<\/strong><br>Vom 05.06. bis 15.06.2026 geschlossen.<br><strong>September<\/strong><br>Vom 07.09. bis 27.09.2026 geschlossen.<br><br><br><strong><mark style=\"background-color:rgba(0, 0, 0, 0)\" class=\"has-inline-color has-vivid-red-color\">\u00d6ffnungszeiten <\/mark><\/strong><br>  Montag und Donnerstag bis 16:00 Uhr ge\u00f6ffnet.<br>Dienstag, Mittwoch, Samstag, Sonntag bis 21:00 Uhr ge\u00f6ffnet.<br>Freitag Ruhetag <\/pre>\n\n\n\n<pre class=\"wp-block-verse has-text-align-center has-vivid-red-color has-text-color\" style=\"font-size:20px\"><strong>Hinweis:\nBei uns sind keine EC- und Kreditkartenzahlungen m\u00f6glich.\nWir bitten um Ihr Verst\u00e4ndnis!<\/strong><\/pre>\n\n\n\n<p><\/p>\n","protected":false},"excerpt":{"rendered":"<p>JuniVom 05.06. bis 15.06.2026 geschlossen.SeptemberVom 07.09. bis 27.09.2026 geschlossen.\u00d6ffnungszeiten Montag und Donnerstag bis 16:00 Uhr ge\u00f6ffnet.Dienstag, Mittwoch, Samstag, Sonntag bis 21:00 Uhr ge\u00f6ffnet.Freitag Ruhetag Hinweis: Bei uns sind keine EC- und Kreditkartenzahlungen m\u00f6glich. Wir bitten um Ihr Verst\u00e4ndnis!<\/p>\n","protected":false},"author":1,"featured_media":0,"parent":0,"menu_order":0,"comment_status":"closed","ping_status":"closed","template":"","meta":{"footnotes":""},"class_list":["post-148","page","type-page","status-publish","hentry"],"_links":{"self":[{"href":"https:\/\/berggasthofkogl.de\/index.php?rest_route=\/wp\/v2\/pages\/148","targetHints":{"allow":["GET"]}}],"collection":[{"href":"https:\/\/berggasthofkogl.de\/index.php?rest_route=\/wp\/v2\/pages"}],"about":[{"href":"https:\/\/berggasthofkogl.de\/index.php?rest_route=\/wp\/v2\/types\/page"}],"author":[{"embeddable":true,"href":"https:\/\/berggasthofkogl.de\/index.php?rest_route=\/wp\/v2\/users\/1"}],"replies":[{"embeddable":true,"href":"https:\/\/berggasthofkogl.de\/index.php?rest_route=%2Fwp%2Fv2%2Fcomments&post=148"}],"version-history":[{"count":222,"href":"https:\/\/berggasthofkogl.de\/index.php?rest_route=\/wp\/v2\/pages\/148\/revisions"}],"predecessor-version":[{"id":1019,"href":"https:\/\/berggasthofkogl.de\/index.php?rest_route=\/wp\/v2\/pages\/148\/revisions\/1019"}],"wp:attachment":[{"href":"https:\/\/berggasthofkogl.de\/index.php?rest_route=%2Fwp%2Fv2%2Fmedia&parent=148"}],"curies":[{"name":"wp","href":"https:\/\/api.w.org\/{rel}","templated":true}]}}